-7*x**2 - 1032*x - 3459. Give w(-144).
-3
Let a(z) = 24*z**3 + 288*z**2 - 686*z - 8228. Calculate a(-12).
4
Let d(o) = 753*o + 297414. Determine d(-395).
-21
Let x(r) = 34*r**3 + 58*r**2 - 267*r + 18. Give x(5).
4383
Let f(a) = -21*a**3 - 2*a**2 - 129*a + 130. Calculate f(1).
-22
Let g(w) = w**2 + 479*w - 38433. Determine g(70).
-3
Let g(k) = k**2 - 708*k - 6413. Calculate g(-9).
40
Let m(p) = -20*p**2 + 3088*p - 1094. Calculate m(154).
138
Let j(y) = -9822*y - 500929. Give j(-51).
-7
Let m(o) = 5136*o + 117972. Give m(-23).
-156
Let z(m) = 2*m**3 - 47*m**2 - 102*m - 703. Give z(26).
25
Let r(t) = 216*t**2 - 393*t + 477. Calculate r(2).
555
Let h(u) = -135*u**2 + 185*u + 769. Determine h(-5).
-3531
Let c(k) = -69*k**2 + 52*k - 14. Calculate c(2).
-186
Let k(p) = 14296*p - 700496. What is k(49)?
8
Let h(w) = 6744*w + 546159. Calculate h(-81).
-105
Let m(a) = -189*a - 1385. Determine m(-7).
-62
Let o(f) = f**3 - 63*f**2 - 11*f + 709. Give o(63).
16
Let f(r) = r**2 - 10*r - 579. Determine f(-15).
-204
Let m(w) = -3*w**3 - 39*w**2 - 51*w + 7. What is m(-12)?
187
Let n(k) = 12153*k + 473961. Calculate n(-39).
-6
Let s(c) = c**3 + 13*c**2 - 22*c - 520. What is s(-8)?
-24
Let d(i) = -i**3 + 14*i**2 + 10*i + 39. Give d(17).
-658
Let f(v) = v**3 + 27*v**2 - 568*v + 28. Determine f(13).
-596
Let h(p) = 34013*p - 748404. Calculate h(22).
-118
Let d(l) = 10*l**3 - 14*l**2 - 4*l + 10. What is d(-3)?
-374
Let r(u) = -12020*u + 276454. Calculate r(23).
-6
Let f(z) = z**3 + 485*z**2 + 58644*z - 1526. Give f(-255).
4
Let c(p) = p**3 + 44*p**2 - 14649*p + 413. Calculate c(101).
9
Let d(s) = -s**2 - 53*s + 2905. Calculate d(34).
-53
Let x(j) = j**3 + 8*j**2 - 1149*j - 12710. Determine x(-11).
-434
Let x(w) = 3*w**3 - 1116*w**2 + 30*w - 11189. Determine x(372).
-29
Let b(m) = -3164*m + 41152. What is b(13)?
20
Let m(t) = t**3 + 17*t**2 - 887*t - 47. Determine m(-39).
1084
Let y(i) = i**3 + 261*i**2 + 251*i - 2324. Determine y(-260).
16
Let x(o) = -o**2 + 167*o - 6507. Determine x(105).
3
Let d(a) = -a**2 - 13214*a + 291201. Calculate d(22).
9
Let j(u) = -2305*u**2 - 9485*u - 1057. Calculate j(-4).
3
Let v(y) = -y**3 + 552*y**2 - 14643*y - 824. Give v(28).
-12
Let o(u) = 873*u + 89125. Give o(-102).
79
Let q(s) = 545*s**3 + s**2 - 5*s - 4. Give q(-1).
-543
Let i(h) = -2*h**2 + 453*h + 41549. Give i(-70).
39
Let l(g) = -g**2 - 209*g + 23517. Determine l(-290).
27
Let s(j) = -153*j**2 - 49*j - 80. What is s(-3)?
-1310
Let t(b) = b**3 + 10*b**2 + 37*b + 331. Give t(-6).
253
Let p(o) = -o**3 + 27*o**2 - 94*o + 927. What is p(22)?
1279
Let h(t) = 12*t**2 + 8*t - 242. What is h(-21)?
4882
Let q(p) = -p**2 - 677*p - 8633. Calculate q(-13).
-1
Let a(x) = 49*x**3 - 27*x**2 - 10*x + 38. Determine a(1).
50
Let q(d) = -917*d - 35683. Give q(-39).
80
Let q(b) = -1253*b - 32608. Determine q(-26).
-30
Let c(g) = -56*g**2 - 2297*g + 7324. Give c(-44).
-24
Let y(r) = 2*r**2 + 466*r - 5870. What is y(13)?
526
Let t(p) = p**3 - 49*p**2 - 1028*p + 182. Calculate t(-16).
-10
Let y(q) = -q**2 + 698*q + 40050. Give y(-54).
-558
Let w(r) = -2*r**3 - 950*r**2 + 3839*r + 3235. Give w(-479).
-118
Let w(y) = 7*y**2 - 843*y - 65428. Determine w(174).
-178
Let j(h) = -1363*h - 8312. Calculate j(-6).
-134
Let z(k) = -k**3 - k**2 + 2480*k + 17246. Determine z(-7).
180
Let q(b) = -39*b**2 - 6050*b - 602. Give q(-155).
173
Let j(u) = -u**3 + 17*u**2 + 384*u + 171. Give j(30).
-9
Let c(m) = m**2 - 128*m + 836. Give c(124).
340
Let w(h) = 794*h**3 - 22*h - 22. Determine w(-1).
-794
Let l(q) = -49747*q + 398076. Give l(8).
100
Let v(a) = -816*a - 83230. Calculate v(-102).
2
Let j(s) = s**3 + 270*s**2 - 2031*s + 656. What is j(7)?
12
Let i(y) = 1039*y + 138135. Determine i(-133).
-52
Let z(k) = 2*k**2 - 314*k + 5261. Calculate z(18).
257
Let a(b) = b**3 + 34*b**2 + 144*b - 590. Calculate a(-29).
-561
Let r(o) = -o**3 - 108*o**2 - 1111*o - 300. Determine r(-12).
-792
Let j(i) = i**2 + 416*i - 13913. Calculate j(31).
-56
Let n(d) = -28234*d - 1722281. Determine n(-61).
-7
Let p(j) = -38077*j - 152315. Determine p(-4).
-7
Let z(h) = 1716*h**2 + 120115*h - 362. Calculate z(-70).
-12
Let x(c) = 351*c + 5573. Determine x(-16).
-43
Let q(g) = -g**2 + 3711*g + 29722. Determine q(-8).
-30
Let h(r) = -966*r - 236646. Give h(-245).
24
Let h(k) = -k**3 + 1558*k**2 - 20087*k + 10. Give h(13).
-16
Let x(t) = -59*t**2 + 154*t - 21. Determine x(4).
-349
Let g(r) = r**3 + 15*r**2 + 14*r - 351. Determine g(-11).
-21
Let i(t) = 12204*t - 659021. Give i(54).
-5
Let z(w) = -12*w**2 - 185*w - 22. Give z(-15).
53
Let j(t) = -430*t**2 - 2846*t + 1249. Calculate j(-7).
101
Let y(l) = l**3 + 30*l**2 + 16*l + 48. Calculate y(-21).
3681
Let g(u) = u**3 - 80*u**2 + 542*u - 2250. What is g(73)?
13
Let w(o) = 3*o**3 + 90*o**2 - 655*o - 23039. Give w(-28).
5
Let i(c) = 7*c**3 + 68*c**2 + 138*c - 95. What is i(-5)?
40
Let s(c) = 11375*c + 56073. Determine s(-5).
-802
Let j(n) = -n**2 + 79*n - 716. What is j(76)?
-488
Let p(m) = -16763*m + 50290. Give p(3).
1
Let l(p) = 2*p**3 + 334*p**2 - 50*p - 8286. Determine l(-167).
64
Let i(v) = 325*v - 72801. Give i(224).
-1
Let w(j) = 1827*j - 127479. Give w(70).
411
Let i(b) = 445123*b - 890230. Calculate i(2).
16
Let r(t) = -t**3 - 9*t**2 + 19*t - 1065. Determine r(-15).
0
Let p(w) = w**3 - 145*w**2 + 131*w - 40437. Give p(146).
5
Let a(f) = 4*f**2 - 57450*f - 1957931. Determine a(-34).
-7
Let v(p) = 4632*p + 71193. Calculate v(-15).
1713
Let s(d) = -8*d**2 - 710*d + 678. Give s(-86).
2570
Let d(f) = 3*f**3 - 27*f**2 - 102*f + 83. Give d(12).
155
Let p(g) = 2*g**3 + 203*g**2 + 2088*g + 31185. Give p(-92).
-95
Let z(s) = 11*s**3 + 500*s**2 + 5143*s + 22. Determine z(-16).
678
Let v(a) = 24*a + 1086. Calculate v(-43).
54
Let z(x) = 9221*x - 202733. Determine z(22).
129
Let k(i) = 115*i**2 - 667*i + 2656. What is k(4)?
1828
Let t(u) = 11277*u + 67588. What is t(-6)?
-74
Let p(b) = 268*b + 1968. Calculate p(-13).
-1516
Let d(a) = -379*a**2 - 42449*a - 127. What is d(-112)?
-15
Let g(z) = -z**3 - 41*z**2 + 832*z - 762. Determine g(-56).
-314
Let s(p) = -176673*p - 5. Determine s(0).
-5
Let z(h) = 550*h + 5816. What is z(-10)?
316
Let x(p) = -41*p**2 - 602*p - 1144. What is x(-2)?
-104
Let u(b) = -4999*b - 35057. Determine u(-7).
-64
Let h(b) = -b**3 - 45*b**2 - 2580. What is h(-46)?
-464
Let a(s) = 73*s**2 - 754*s + 1601. Calculate a(3).
-4
Let p(l) = -3*l**2 + 12*l + 10527. Give p(62).
-261
Let h(m) = -2403*m + 8581. Determine h(2).
3775
Let d(a) = a**3 + 8*a**2 - 403*a + 615. What is d(-25)?
65
Let u(k) = -3*k**2 + 340*k - 1248. What is u(112)?
-800
Let c(u) = -260*u - 5865. Calculate c(-22).
-145
Let s(z) = 79180*z + 1346059. Give s(-17).
-1
Let v(k) = 39*k**3 + 19*k**2 - 118*k - 118. Calculate v(-1).
-20
Let l(k) = -2*k**3 - 7*k**2 + 25*k + 423. Give l(8).
-849
Let z(t) = -t**3 + 2077*t**2 - 193947*t + 507. Determine z(98).
17
Let w(j) = 155261*j + 30586414. Give w(-197).
-3
Let t(a) = -8697*a + 42733. What is t(5)?
-752
Let u(i) = i**3 + 30*i**2 - 8*i - 52. Determine u(-27).
2351
Let b(g) = 13*g**2 + 1935*g + 7750. What is b(-4)?
218
Let b(h) = -h**2 + 219*h + 2643. Determine b(230).
113
Let t(g) = 122*g**3 + 3661*g**2 + 598*g + 17033. What is t(-30)?
-7
Let j(v) = v**2 - 588*v + 6947. Determine j(12).
35
Let l(g) = 32*g**3 - 93*g**2 - 73*g + 183. Calculate l(5).
1493
Let r(l) = l**3 + 152*l**2 + 4403*l - 11. Give r(-39).
145
Let o(p) = -88730*p + 532387. Determine o(6).
7
Let z(k) = -k**3 + 3*k**2 + 4397*k - 39086. What is z(9)?
1
Let v(f) = 2*f**3 + 112*f + 1102. What is v(-6)?
-2
Let u(k) = 8*k**3 - 3223*k**2 - 3220*k + 3. Determine u(-1).
-8
Let y(j) = -32*j**2 - 267*j + 1029. What is y(3)?
-60
Let m(r) = -r**3 - 25*r**2 + 87*r + 1616. Calculate m(-23).
-1443
Let a(r) = -106*r**2 - 1918*r + 1917. Determine a(1).
-107
Let x(z) = -4*z**3 - 115*z**2 - 100*z - 87. What is x(-28)?
361
Let k(v) = -762*v**2 + 19832*v - 540. What is k(26)?
-20
Let i(a) = -3*a**3 - 59*a**2 + 218*a + 262. Calculate i(4).
-2
Let s(d) = -57*d - 20. Determine s(-23).
1291
Let v(p) = 2*p**2 + 127*p - 905. Determine v(7).
82
Let j(o) = -413*o - 29665. Give j(-72).
71
Let a(k) = -18854*k + 75471. Calculate a(4).
55
Let s(c) = -5716*c + 1886266. Determine s(330).
-14
Let i(h) = -2*h**2 + 62*h + 155. Calculate i(-3).